22
12 (base 5) to base 6
11
What is -56 (base 13) in base 5?
-241
-316 (base 8) to base 3
-21122
What is -5 (base 15) in base 3?
-12
Convert -11 (base 9) to base 5.
-20
Convert 20 (base 10) to base 6.
32
What is -11 (base 7) in base 12?
-8
What is -1333 (base 4) in base 10?
-127
What is 100 (base 3) in base 16?
9
Convert 77 (base 11) to base 14.
60
Convert 1 (base 15) to base 5.
1
-e (base 15) to base 12
-12
Convert -11 (base 6) to base 7.
-10
Convert 0 (base 5) to base 14.
0
What is 14 (base 7) in base 2?
1011
Convert -20 (base 3) to base 9.
-6
What is -33 (base 5) in base 9?
-20
Convert -4 (base 10) to base 3.
-11
Convert -14 (base 5) to base 6.
-13
What is -3 (base 15) in base 11?
-3
0 (base 10) to base 2
0
8 (base 13) to base 14
8
Convert -20 (base 14) to base 12.
-24
-7 (base 10) to base 8
-7
What is -10 (base 4) in base 3?
-11
1 (base 13) to base 15
1
b (base 14) to base 12
b
Convert -112 (base 3) to base 8.
-16
What is 103 (base 4) in base 12?
17
What is -59 (base 16) in base 9?
-108
Convert -33 (base 7) to base 8.
-30
8 (base 11) to base 5
13
Convert 64 (base 14) to base 10.
88
283 (base 9) to base 14
12d
Convert 111110 (base 2) to base 6.
142
Convert -312 (base 5) to base 4.
-1102
Convert 3 (base 11) to base 10.
3
What is 22 (base 13) in base 6?
44
Convert -83 (base 12) to base 16.
-63
What is -111111 (base 2) in base 14?
-47
Convert -8 (base 16) to base 11.
-8
Convert 120 (base 5) to base 14.
27
What is -40 (base 7) in base 12?
-24
-1 (base 10) to base 13
-1
Convert -7 (base 8) to base 3.
-21
What is -111110 (base 2) in base 12?
-52
Convert 74 (base 9) to base 14.
4b
24 (base 5) to base 12
12
Convert 11110 (base 2) to base 13.
24
27 (base 9) to base 13
1c
1 (base 9) to base 10
1
149 (base 11) to base 6
450
14a (base 12) to base 10
202
6 (base 16) to base 8
6
What is -5 (base 14) in base 4?
-11
Convert -1010 (base 5) to base 2.
-10000010
Convert -111 (base 8) to base 6.
-201
-17 (base 9) to base 4
-100
What is 66 (base 10) in base 16?
42
Convert -11 (base 4) to base 3.
-12
Convert -2 (base 9) to base 16.
-2
What is 0 (base 2) in base 10?
0
Convert 11 (base 2) to base 4.
3
121 (base 3) to base 13
13
3112 (base 4) to base 3
21221
-10 (base 11) to base 12
-b
What is -1 (base 8) in base 6?
-1
What is -100111 (base 2) in base 16?
-27
Convert -1 (base 10) to base 5.
-1
17 (base 15) to base 3
211
What is c (base 13) in base 11?
11
What is 280 (base 9) in base 11?
1a3
Convert -2 (base 11) to base 16.
-2
What is -123 (base 4) in base 7?
-36
-24 (base 7) to base 15
-13
What is -2 (base 6) in base 14?
-2
110110 (base 2) to base 10
54
110 (base 6) to base 11
39
49 (base 13) to base 2
111101
Convert 30 (base 5) to base 10.
15
0 (base 3) to base 11
0
Convert -c8 (base 16) to base 2.
-11001000
Convert -1 (base 9) to base 15.
-1
111 (base 3) to base 13
10
What is -1010 (base 2) in base 7?
-13
What is -103 (base 12) in base 2?
-10010011
Convert 2 (base 3) to base 15.
2
0 (base 11) to base 4
0
Convert 1100 (base 3) to base 12.
30
Convert 6 (base 16) to base 11.
6
100001 (base 2) to base 9
36
Convert -1 (base 12) to base 14.
-1
What is -19 (base 10) in base 15?
-14
-1f (base 16) to base 8
-37
What is -8 (base 14) in base 5?
-13
-187 (base 13) to base 8
-430
-1100 (base 4) to base 5
-310
What is e (base 15) in base 9?
15
-2 (base 9) to base 8
-2
What is c (base 14) in base 8?
14
What is a7 (base 12) in base 3?
11201
Convert -13 (base 11) to base 16.
-e
What is -111 (base 2) in base 9?
-7
11 (base 2) to base 16
3
What is -22 (base 14) in base 15?
-20
2 (base 15) to base 7
2
Convert -18 (base 15) to base 5.
-43
Convert -5e (base 16) to base 2.
-1011110
Convert -5 (base 16) to base 13.
-5
6 (base 13) to base 10
6
Convert 1 (base 8) to base 13.
1
What is -17 (base 13) in base 12?
-18
Convert 5 (base 10) to base 4.
11
Convert 210 (base 3) to base 10.
21
Convert 11110 (base 2) to base 11.
28
-20 (base 5) to base 14
-a
-43 (base 9) to base 7
-54
What is -111 (base 4) in base 15?
-16
Convert -152 (base 8) to base 10.
-106
101 (base 2) to base 4
11
Convert -d5 (base 16) to base 3.
-21220
Convert -163 (base 8) to base 4.
-1303
Convert -4 (base 15) to base 6.
-4
What is 4 (base 9) in base 6?
4
What is 3 (base 6) in base 14?
3
What is 1022 (base 3) in base 10?
35
Convert -2 (base 12) to base 10.
-2
2 (base 7) to base 4
2
Convert 13 (base 4) to base 5.
12
What is -72 (base 11) in base 6?
-211
What is 2 (base 5) in base 12?
2
Convert -5 (base 15) to base 2.
-101
Convert -3 (base 15) to base 3.
-10
Convert 10011 (base 2) to base 3.
201
1 (base 11) to base 15
1
-3 (base 10) to base 11
-3
Convert -12 (base 3) to base 8.
-5
1 (base 11) to base 8
1
What is 2 (base 9) in base 13?
2
12 (base 6) to base 14
8
4 (base 6) to base 9
4
What is c (base 15) in base 7?
15
What is 44 (base 5) in base 8?
30
a5 (base 14) to base 16
91
Convert -86 (base 9) to base 4.
-1032
What is -22210 (base 3) in base 11?
-1a6
0 (base 6) to base 9
0
What is 14 (base 9) in base 4?
31
-11 (base 2) to base 9
-3
17 (base 9) to base 6
24
57 (base 13) to base 9
80
Convert 3 (base 12) to base 11.
3
-10 (base 2) to base 11
-2
What is -221 (base 6) in base 12?
-71
What is -4 (base 15) in base 6?
-4
0 (base 12) to base 10
0
Convert 3 (base 7) to base 4.
3
Convert -1052 (base 6) to base 14.
-13a
-1d (base 16) to base 2
-11101
What is -121 (base 3) in base 16?
-10
What is -10101 (base 2) in base 16?
-15
2 (base 3) to base 14
2
What is -220 (base 4) in base 10?
-40
Convert -12 (base 4) to base 16.
-6
23 (base 4) to base 5
21
20 (base 4) to base 6
12
53 (base 6) to base 8
41
Convert 0 (base 9) to base 13.
0
-21000 (base 3) to base 16
-bd
What is -225 (base 6) in base 13?
-6b
-5 (base 15) to base 8
-5
-200 (base 3) to base 2
-10010
What is 4 (base 8) in base 10?
4
What is -3 (base 14) in base 11?
-3
Convert -5 (base 7) to base 13.
-5
What is -346 (base 7) in base 8?
-265
What is 25 (base 9) in base 12?
1b
What is -1 (base 7) in base 2?
-1
Convert -43 (base 10) to base 2.
-101011
What is -11 (base 5) in base 6?
-10
-1 (base 3) to base 2
-1
0 (base 2) to base 10
0
10 (base 7) to base 16
7
Convert 5 (base 16) to base 7.
5
What is 0 (base 10) in base 6?
0
Convert 200 (base 4) to base 10.
32
-120 (base 3) to base 2
-1111
Convert -4c (base 13) to base 14.
-48
3 (base 8) to base 9
3
Convert 25 (base 10) to base 13.
1c
Convert -3 (base 9) to base 6.
-3
What is 216 (base 7) in base 8?
157
-1110111 (base 2) to base 5
-434
What is -1132 (base 4) in base 3?
-10111
Convert 331 (base 4) to base 2.
111101
Convert 0 (base 16) to base 10.
0
Convert 8 (base 13) to base 14.
8
What is -2c (base 13) in base 11?
-35
What is -14 (base 16) in base 14?
-16
-2 (base 10) to base 9
-2
What is -2 (base 13) in base 11?
-2
Convert 1011 (base 2) to base 15.
b
23 (base 8) to base 5
34
Convert -254 (base 8) to base 15.
-b7
What is -1200 (base 3) in base 15?
-30
0 (base 2) to base 5
0
What is -2 (base 3) in base 15?
-2
What is 0 (base 2) in base 3?
0
What is 3 (base 6) in base 14?
3
-2 (base 5) to base 4
-2
Convert -82 (base 10) to base 2.
-1010010
Convert 4 (base 10) to base 2.
100
What is 76 (base 11) in base 14?
5d
-3 (base 16) to base 15
-3
Convert 2 (base 9) to base 3.
2
3 (base 8) to base 13
3
110 (base 9) to base 16
5a
Convert -2 (base 13) to base 16.
-2
What is -1 (base 2) in base 11?
-1
What is 20 (base 3) in base 6?
10
What is -122 (base 4) in base 5?
-101
What is 34 (base 9) in base 11?
29
Convert -101101 (base 2) to base 11.
-41
1b (base 15) to base 4
122
What is -22 (base 3) in base 5?
-13
99 (base 11) to base 13
84
Convert -100212 (base 3) to base 4.
-10022
-23 (base 6) to base 7
-21
Convert 1 (base 14) to base 6.
1
What is -2 (base 14) in base 6?
-2
0 (base 6) to base 5
0
-3a (base 14) to base 6
-124
What is -1 (base 12) in base 11?
-1
Convert 14 (base 9) to base 13.
10
-11 (base 6) to base 2
-111
Convert -9 (base 12) to base 11.
-9
What is -11 (base 2) in base 6?
-3
Convert -81 (base 12) to base 4.
-1201
Convert 11102 (base 3) to base 12.
9b
What is -146 (base 7) in base 2?
-1010011
Convert c (base 16) to base 9.
13
44 (base 8) to base 6
100
23 (base 4) to base 15
b
Convert 1 (base 7) to base 11.
1
Convert 20 (base 12) to base 14.
1a
What is 12212 (base 3) in base 16?
9e
Convert -3 (base 4) to base 16.
-3
What is 12 (base 6) in b